i be 4*((-3)/4 - 0). Let n(x) = -x. Let f(u) = i*l(u) + s*n(u). What is f(2)?
4
Let i(z) = z**2 + z + 8. Suppose -3*r - 5*a + 7 = -2*r, 3*a - 13 = -5*r. Suppose r*o = k - 1, 2*o + 5*k - 5 = 4*o. Give i(o).
8
Let v(x) = -4*x + 2*x**2 + 6*x + 6*x - 4. Suppose 0 = 11*p - 59 - 359. Suppose p*r - 4*r + 204 = 0. What is v(r)?
20
Suppose 0 = -q - 2*r + 27, 89 - 24 = 5*q - 4*r. Let z(h) = -h - 24 + 2 + q. Suppose 0 = o + 3 + 1. Give z(o).
-1
Let a(g) = -8*g - 264. Let z be a(-34). Let p(t) = 2 - z*t - t + 8*t. Determine p(5).
-3
Let a(q) = q**3 - 2*q**2 - 2*q - 1. Let u be a(3). Suppose -u*v - 3*v - 2*w + 274 = 0, 0 = v + 4*w - 44. Let s = v + -56. Let b(r) = -r + 15. Calculate b(s).
15
Let n(u) = u**2 - 7*u - 9. Suppose 134*t = 140*t - 18. Suppose 2*s - 19 = 3*d + t, -4*s - 2*d = -28. What is n(s)?
-1
Let y(t) = -23*t + 157. Let s be y(6). Let g(h) = -h**3 + 21*h**2 - 37*h - 14. Calculate g(s).
5
Let g(q) = 402*q - 5605. Let m be g(14). Let o(u) = -u**3 + 23*u**2 - 2*u - 21. What is o(m)?
-67
Let l(d) = 4*d**3 - 12*d**2 + 23*d + 50. Let o(z) = z**3 + 4*z + 9. Let g(p) = l(p) - 6*o(p). What is g(-6)?
2
Let x(q) be the third derivative of -q**7/1680 - q**6/240 - 2*q**5/15 - 10*q**2. Let c(u) be the third derivative of x(u). Let z = 70 + -73. Give c(z).
6
Let g(i) be the second derivative of -i**4/6 + 3*i**3/2 + 35*i**2/2 - 1079*i. Calculate g(-3).
-10
Let c(m) = -2*m**2 + 3*m**3 + 4*m**3 - 8*m**3 - 28 + 5*m + 32. Let w = -5 - -2. Determine c(w).
-2
Suppose -201*x + 5*f - 225 = -206*x, -x + 45 = -4*f. Let t(p) = -7*p + 336. What is t(x)?
21
Suppose 28*b - 4005 = -18*b - 2211. Let c(o) = o**3 - 39*o**2 - 4*o + 160. Determine c(b).
4
Let f(w) = w + 1. Suppose -71 - 19 = -10*b. Let z(i) = 8*i**3 - i**2 + i. Let t be z(1). Suppose t*o - b*o = 7. What is f(o)?
-6
Let x(r) = -7572*r - 17 + 7571*r - 29*r**3 + r**2 + 28*r**3. Let a = 3 - 3. Calculate x(a).
-17
Let w(o) = 3*o**2 + 763 - 1527 - 10*o + 0*o**2 + 760 - 2*o**2. What is w(11)?
7
Let k(t) = t + 4. Let j be ((-50)/(-100))/(2/(-80)*-1). Let n(v) = -2*v + 37. Let z be n(j). Calculate k(z).
1
Let q(i) = -i**2 + 26*i + 181. Let t(p) = 4*p**2 - 103*p - 723. Let z(h) = -11*q(h) - 3*t(h). Give z(-6).
4
Let i = -993 + 998. Let v(l) = l**3 - 8*l**2 + 3*l + 4. Give v(i).
-56
Let o(k) = -51 - 7*k**2 - 40 + 25*k - 6*k**2 - 1 + 12*k**2. Calculate o(21).
-8
Let q = 6751 + -6750. Let d(f) = 9*f + 4. Give d(q).
13
Suppose 3*t = 1 + 5. Let q(a) = 28*a - 27*a + a**2 - 2*a**t. Determine q(-1).
-2
Suppose -3*u + 3*l + 26 = -2*l, -64 = -5*u - 2*l. Suppose r - u = 4*r. Let p(x) be the first derivative of x**4/4 + x**3 - x**2/2 + 5*x + 5. Give p(r).
-7
Let j(d) = -1 + 205*d**2 + 187*d**2 - 387*d**2 + 1 + 19*d. Give j(-4).
4
Let n(l) = 113*l + 9*l - 59*l + 12 - 60*l. Let m be 17/(-4) - 2/(-8). Determine n(m).
0
Let c(o) be the second derivative of 5/6*o**3 - 5/2*o**2 + 2/3*o**4 - 1/20*o**5 + 0 + 30*o. Give c(9).
-41
Let g(b) = 10*b**2. Let x = 1945 - 1944. Determine g(x).
10
Let d(m) = m**3 - 4*m**2 + 2*m. Let t(s) = 5*s**2 + 12*s + 4. Let w be t(-5). Suppose 36 = 5*c - w. Let f be (-32)/(-14) + (-6)/c. Calculate d(f).
-4
Suppose -w + 36 = -2*t, 9*w - 4*w - 5*t = 155. Let y(j) = 17*j - 20*j + 6 - w. Give y(-8).
4
Let q(k) = -k**3 + k - 1436*k**2 - 3 + 1443*k**2 - 6 - 4*k. Give q(4).
27
Let y(t) be the first derivative of 2 + 8*t - 3/2*t**2 - 1/3*t**3. Suppose 36*x + 205 = -264 + 253. Calculate y(x).
-10
Let b(p) = -30*p + 267. Suppose 82*c - 442 = 296. Determine b(c).
-3
Suppose 59 - 8 = 17*j. Let m(q) = 26*q**j + 3*q + 6*q**2 + q + 25*q**3 - 50*q**3. What is m(-5)?
5
Suppose -w + 28 = -4*k, -5*k = -w + 17 + 16. Suppose w*j + 30 = -34. Let l be (0/j)/(2/(-2)*-2). Let d(z) = -z**2 - z + 6. Give d(l).
6
Let w(j) be the third derivative of -j**5/60 + 5*j**4/24 - 5*j**3/6 + 62*j**2. Suppose 3*r - 17 = -q, 5*r + 3*q = 20 + 7. Let u be 2*r/(-9)*-3. Calculate w(u).
-1
Let n(s) be the first derivative of -s**2/2 + 6*s + 1840. Let t be 6*(2 - (-9)/(-6)). Suppose 3*w - 15 = i, 2*w = 6*w + t*i - 33. Determine n(w).
0
Suppose 0 = -5*p + 4*p + 35. Let r = p + -32. Suppose 3*u = -r, m = -0*u - u + 4. Let o(v) = v**3 - 7*v**2 + 7*v - 1. Determine o(m).
-16
Let w(g) = 166*g - 57*g - 6 - 55*g - 53*g. Let k be 18/45 - (-48)/5. Give w(k).
4
Let y(r) = 4*r - 12. Let v(h) = -988*h + 17767. Let x be v(18). Give y(x).
-80
Let x(g) = -g**2 - g + 5. Let n be 22/(-231) + (-86)/(-21). Suppose -8 = n*t - 8. Give x(t).
5
Let x(j) = -2*j**2 - 18*j + 110. Let s be x(4). Let k(a) = 48*a - 30*a + 13 - 21*a. Calculate k(s).
-5
Let g(h) = -11 - 145*h - 149*h - 140*h + 433*h. Give g(-3).
-8
Let k(b) = -17*b**3 - 16*b**2 - 188*b + 6. Let f(a) = -6*a**3 - 5*a**2 - 69*a + 2. Let w(x) = 11*f(x) - 4*k(x). What is w(-6)?
-68
Let d(v) be the third derivative of 0*v - 1/60*v**5 - 1/6*v**4 + 15*v**2 + 0 + 1/720*v**6 + 0*v**3. Let x(a) be the second derivative of d(a). Give x(-3).
-5
Let i be (-4)/(-3) + (-630)/270. Let x(y) = -4 + 0 + 5. Let u(n) = n**3 - 5*n**2 + n + 6. Let v(l) = i*x(l) + u(l). Give v(4).
-7
Let u(p) = -4*p**2 - 17*p + 27. Let w(f) = -9*f**2 - 33*f + 54. Let d(i) = 7*u(i) - 3*w(i). Determine d(-20).
27
Let y(a) = 7*a - 2. Let o(w) = -41*w + 19. Let x(l) = o(l) + 6*y(l). Determine x(2).
9
Let m(q) = 28*q**3 + 2*q + 1. Let z = -89 - -102. Suppose z*p + 13 - 65 = 0. Suppose -a - 3*t = -t - 1, 4*a = -p*t. Determine m(a).
-29
Let d(m) = -55*m + 1. Let s(a) = 4100*a - 500. Let r(b) = 150*d(b) + 2*s(b). What is r(-17)?
0
Let i = -14 + 10. Let o be 4 - 0 - (i - -3). Let r(z) be the first derivative of z**2/2 - 2*z + 1713. Give r(o).
3
Let c(k) = k + 209. Let l(g) = 7*g + 1671. Let b(s) = -33*c(s) + 4*l(s). Determine b(-42).
-3
Suppose -3*i - 6 = -698*j + 703*j, 8 = -5*j - 4*i. Let v(o) = 24*o - 12. Determine v(j).
-12
Let o(m) = 785 - 785 - 6*m**3 - m. Let v = -1752 - -1751. Calculate o(v).
7
Suppose 3*u + 30 = 2*w + 7, -4*w = -4*u - 32. Let x(k) = -13*k - 9. Let v(y) = 20*y + 13. Let c(j) = u*x(j) - 5*v(j). What is c(-2)?
16
Let o be (-3)/((-58)/(-64) + -1). Let w = 197 - 164. Let h(f) = f**2 + o*f + w*f - 64*f. Calculate h(2).
6
Let r(f) = 3*f + 3 - 19*f + f**3 + 31*f - 17*f - 3*f**2. What is r(4)?
11
Let r(s) = -526 + 0*s + s + 487 + 5*s. What is r(6)?
-3
Let v(r) = 15*r - 57. Let o(j) = 6*j - 23. Let u(c) = -12*o(c) + 5*v(c). Let p(q) = 2*q**3 - 20*q**2 + 23*q - 39. Let m be p(9). Give u(m).
9
Let q(s) = 99*s**2 + s**3 - 4 - 6 + 116*s**2 - 206*s**2 + 4. Calculate q(-9).
-6
Suppose -394*r + 395*r + 9 = 0. Let s(z) = z**2 + 9*z + 6. Calculate s(r).
6
Let q(f) = -f**2 - 24*f - 19. Let s(t) = -t**2 + 93*t - 779. Let r be s(84). Give q(r).
4
Let k(s) = 1046*s**2 - 1048*s**2 - 14 + 46*s - 44*s. Give k(7).
-98
Suppose -1672*i = -1669*i + 24. Let a(z) = 32*z + 259. What is a(i)?
3
Let q(d) be the second derivative of 11*d**5/20 - d**4/6 + d**2/2 - 24*d. Suppose -16 = 11253*a - 11269*a. Determine q(a).
10
Let p(j) = 6*j**2 - 7*j + 1. Let f(c) = -7*c**2 + 8*c. Let d(g) = -3*f(g) - 4*p(g). Let h(r) = r**2 - r + 1. Let u(m) = 3*d(m) + 8*h(m). Determine u(3).
-1
Let r be 3 - (-2)/(-1) - (8 - 4). Let f(j) = j**3 - 5*j**2 + 7*j - 9. Let d be f(4). Let x(i) = -d*i**2 - 1 - i**3 - 4 + 9. What is x(r)?
4
Let j(c) = -3*c + 18. Let w be j(-6). Suppose 0 = p + 3*y - w, -2*y = y + 3. Suppose -5*t - p = -4. Let d(l) = l**2 + 5*l - 9. Determine d(t).
5
Let m(t) be the first derivative of -t**2/2 + 4*t + 5405. Suppose -2*l + 32 = -6*l. Let s(d) = -d**2 - 9*d - 3. Let f be s(l). Calculate m(f).
-1
Let u(t) = t**2 - 7*t + 5. Suppose 456 = 13*m - 1286. Let k = 140 - m. What is u(k)?
-1
Let b(v) = -5*v**2 + 3*v + 4. Suppose 4*x = 2*r - 18, -2*r + 6*r - 30 = 5*x. Give b(x).
-22
Let t(h) = -37*h + 159. Let r(m) = 26*m. Let f(w) = r(w) + t(w). Calculate f(14).
5
Let i(q) = 279379*q + 3*q**2 - 279361*q + 7*q**2 + 8*q**2 + q**3 + 20. Calculate i(-17).
3
Suppose -24 = 2*b - 84. Let r be (0/(-3))/(b/10). Let g(w) = -w - 6. Calculate g(r).
-6
Let a(m) = 10 + 6 - 2*m**2 + 8 - 24 + 13 - 10*m. Determine a(-6).
1
Let d(j) = -4*j - 16. Let k(l) = -3*l - 15. Let p(i) = 4*d(i) - 5*k(i). Let a(u) = -u**3 + 5*u - 6. Let c be a(2). Let m be 3*-2*(c + 3). Give p(m).
5
Let i(t) = -35*t + 1 - 42*t + 98*t - 26*t. Suppose 1 + 1 = 2*r, -2*r = 3*c - 2. Suppose c = -3*o - 10 + 7. What is i(o)?
6
Let y(v) 